{"id":1765,"date":"2014-01-27T07:56:49","date_gmt":"2014-01-27T06:56:49","guid":{"rendered":"http:\/\/www.fabulousfulcrums.de\/cms\/?page_id=1765"},"modified":"2021-01-19T08:20:53","modified_gmt":"2021-01-19T06:20:53","slug":"3-reunion-2005-dierhagen","status":"publish","type":"page","link":"http:\/\/www.fabulousfulcrums.de\/cms\/?page_id=1765","title":{"rendered":"03.Reunion 2005 in Dierhagen"},"content":{"rendered":"<p>\u201eDas ist das erste Mal, dass ich mich bei meinen Leuten bedanken muss \u2013 sonst habe ich mich immer bei meinen Vorgesetzten bedankt, wenn ich eine neue F\u00fchrungsposition \u00fcbernommen habe\u201c, scherzte Generalleutnant a. D. J\u00fcrgen H\u00f6che nach der Wahl zum Staffelkapit\u00e4n der FULCRUM-Staffel. Der 63-j\u00e4hrige fr\u00fchere Befehlshaber des Luftwaffenf\u00fchrungskommandos \u00fcbernahm dieses Amt in der Traditionsgemeinschaft der ehemaligen deutschen MiG-29-Piloten, nachdem der bisherige Inhaber, Oberst a. D. Manfred Menge, im Juni dieses Jahres verstorben war. \u201eEigentlich sollte Manni Menge das noch \u00fcber viele Jahre machen, er war die nat\u00fcrliche Wahl f\u00fcr diese Position\u201c, so H\u00f6che.<\/p>\n<p><img loading=\"lazy\" decoding=\"async\" class=\"aligncenter wp-image-1820\" title=\"Im Gedenken an zwei gute Freunde\" src=\"http:\/\/www.fabulousfulcrums.de\/cms\/wp-content\/uploads\/2014\/01\/ManniThomas.jpg\" alt=\"Manni&amp;Thomas\" width=\"291\" height=\"232\" srcset=\"http:\/\/www.fabulousfulcrums.de\/cms\/wp-content\/uploads\/2014\/01\/ManniThomas.jpg 1195w, http:\/\/www.fabulousfulcrums.de\/cms\/wp-content\/uploads\/2014\/01\/ManniThomas-124x100.jpg 124w, http:\/\/www.fabulousfulcrums.de\/cms\/wp-content\/uploads\/2014\/01\/ManniThomas-300x240.jpg 300w, http:\/\/www.fabulousfulcrums.de\/cms\/wp-content\/uploads\/2014\/01\/ManniThomas-1024x820.jpg 1024w\" sizes=\"auto, (max-width: 291px) 100vw, 291px\" \/>Schon nach der Er\u00f6ffnung der Reunion der FULCRUM-Staffel am 29. Oktober 2005 um punkt 18.29 Uhr mit einem Empfang und der Begr\u00fc\u00dfungsrede des Organisators des Treffens, Oberstleutnant Peter Steiniger, hatten die Anwesenden ihrem Staffelkapit\u00e4n Oberst a.D. Manfred Menge und des ebenfalls verstorbenen Ehrenmitglieds Thomas von Storch mit einer Schweigeminute gedacht. Der darauf folgende, von Peter Steiniger <img loading=\"lazy\" decoding=\"async\" class=\"alignright wp-image-1772\" title=\"ESTO und Organisator OTL a.D. Peter Steiniger\" src=\"http:\/\/www.fabulousfulcrums.de\/cms\/wp-content\/uploads\/2014\/01\/2005_2.jpg\" alt=\"\" width=\"210\" height=\"159\" srcset=\"http:\/\/www.fabulousfulcrums.de\/cms\/wp-content\/uploads\/2014\/01\/2005_2.jpg 1000w, http:\/\/www.fabulousfulcrums.de\/cms\/wp-content\/uploads\/2014\/01\/2005_2-133x100.jpg 133w, http:\/\/www.fabulousfulcrums.de\/cms\/wp-content\/uploads\/2014\/01\/2005_2-300x225.jpg 300w\" sizes=\"auto, (max-width: 210px) 100vw, 210px\" \/>arrangierte <span style=\"text-decoration: underline;\"><a href=\"http:\/\/www.fabulousfulcrums.de\/cms\/wp-content\/uploads\/2005.wmv\">Filmbeitrag<\/a><\/span> \u00fcber die letzten Fl\u00fcge mit der 1990 von der NVA \u00fcbernommenen MiG-29 bei der Luftwaffe und deren \u00dcberf\u00fchrung zu ihren neuen Besitzern nach Polen im Sommer 2004 r\u00fchrte viele Emotionen \u2013 nicht wenige Tr\u00e4nen wurden versteckt oder offen bei den Szenen \u00fcber \u201eDas Ende der deutschen MiG-29\u201c aus den Augenwinkeln gewischt. Die Neuwahl der Staffelf\u00fchrung und die Best\u00e4tigung des alten Vorstandes waren danach nur noch eine reine Formsache f\u00fcr die Staffelangeh\u00f6rigen. 47 von 74 Mitgliedern hatten sich im Strandhotel \u201eFischland\u201c auf dem Dar\u00df bei Rostock eingefunden, viele mit Frauen und Kindern, so dass der gro\u00dfe Saal des Hotels mit knapp 100 G\u00e4sten gut gef\u00fcllt war.<\/p>\n<p style=\"text-align: left;\">Der neue Staffelkapit\u00e4n dankte\u00a0 in seiner Ansprache den Sponsoren der nach der 2001 erfolgten Gr\u00fcndung der FULCRUM-Staffel dritten Reunion nach 2002 und 2003 \u2013 im Jahr 2004 hatte sich die MiG-Gemeinschaft anl\u00e4sslich des Festes zur Au\u00dferdienststellung der MiG-29 auf dem Fliegerhorst Laage getroffen. Zugleich nutzte H\u00f6che die Ansprache f\u00fcr einen kurzen R\u00fcckblick auf seinen fliegerischen und milit\u00e4rischen Werdegang: \u201eIch bin eigentlich immer Jabo gewesen und erst mit der \u00dcbernahme der 3. Luftwaffendivision in Berlin-Gatow zum J\u00e4ger geworden.\u201c Neun Jahre \u2013 von 1993 bis 2002 \u2013 hat der neue Staffelkapit\u00e4n, der einen solchen Posten \u00fcbrigens w\u00e4hrend seiner aktiven Laufbahn nie bekleidet hat, die FULCRUM geflogen und auch seinen letzten Flug in der Luftwaffe auf ihr absolviert.<img loading=\"lazy\" decoding=\"async\" class=\"alignleft wp-image-1773\" title=\"Der neue Staffelkapit\u00e4n GenLt.a.D. J\u00fcrgen H\u00f6che\" src=\"http:\/\/www.fabulousfulcrums.de\/cms\/wp-content\/uploads\/2014\/01\/2005_3.jpg\" alt=\"\" width=\"288\" height=\"192\" srcset=\"http:\/\/www.fabulousfulcrums.de\/cms\/wp-content\/uploads\/2014\/01\/2005_3.jpg 1000w, http:\/\/www.fabulousfulcrums.de\/cms\/wp-content\/uploads\/2014\/01\/2005_3-150x100.jpg 150w, http:\/\/www.fabulousfulcrums.de\/cms\/wp-content\/uploads\/2014\/01\/2005_3-300x200.jpg 300w\" sizes=\"auto, (max-width: 288px) 100vw, 288px\" \/><\/p>\n<p style=\"text-align: center;\">Der offizielle Teil der Reunion wurde mit der \u00dcbergabe der silbernen MiG-29-Anstecker und Poljot-Armbanduhren an die Staffelangeh\u00f6rigen Fregattenkapit\u00e4n a.D. Toni Angerer, Oberstleutnant Michael Baumgart und Oberst a.D. Manfred Skeries fortgesetzt, bevor Johannes Falke als neues Ehrenmitglied der Traditionsgemeinschaft aufgenommen wurde. Falke, der wegen der pl\u00f6tzlichen Erkrankung seines Sohnes kurzfristig seine Teilnahme an dem Treffen absagen musste, war zun\u00e4chst Technischer Offizier und sp\u00e4ter Chef der MAPS (MiG Aircraft Product Service), die f\u00fcr die Unterst\u00fctzung der Luftwaffe beim Betrieb der FULCRUM verantwortlich zeichnete. \u201eEr hat daf\u00fcr gesorgt, dass wir fliegen konnten\u201c, w\u00fcrdigte Major a.D. Rainer Hankowiak das Wirken von Johannes Falke. Der anschlie\u00dfende Bericht vom \u201eRechnungsf\u00fchrer\u201c der Staffel, Oberstleutnant J\u00fcrgen Schumann, fiel knapp und g\u00fcnstig aus. Den Abschluss des offiziellen Teils \u00fcbernahm Oberstleutnant Michael Wegerich mit seiner Vorstellung des Buchprojektes \u00fcber die deutsche MiG-29, der mit den Worten \u201eIch werde mich kurz fassen\u201c einen dicken Packen Seiten aufbl\u00e4tterte und mit seiner kurzweiligen Art immer wieder die Lacher auf seiner Seite hatte. Gutgemeinte Ermahnungen trugen zur Beschleunigung des Vortrags bei, und nachdem Wegerich mit dem Appell an alle Anwesenden, Material f\u00fcr das in zwei B\u00e4nden geplante Werk zur Verf\u00fcgung zu stellen, geendet hatte, konnten sich die allm\u00e4hlich knurrenden M\u00e4gen am reichhaltigen Buffet g\u00fctlich tun.<\/p>\n<p style=\"text-align: center;\"><img loading=\"lazy\" decoding=\"async\" class=\"aligncenter wp-image-1817\" title=\"Die FULCRUM-Staffel\" src=\"http:\/\/www.fabulousfulcrums.de\/cms\/wp-content\/uploads\/2014\/01\/2005_Gruppenbild.jpg\" alt=\"2005_Gruppenbild\" width=\"526\" height=\"355\" \/><\/p>\n<p style=\"text-align: center;\">Trotz der zwei schweren Verluste und der Erinnerung an den endg\u00fcltigen Abschied der deutschen FULCRUMS war es eine \u00e4u\u00dferst harmonische Veranstaltung \u2013 viele Mitglieder der FULCRUM-Staffel treffen sich nur zu den Reunions, und so war auf allen Seiten die Wiedersehensfreude gro\u00df und es gab Unmengen zu erz\u00e4hlen. Von Erlebnissen mit der MiG unter den Flaggen beider deutscher Staaten \u00fcber den Dienstbetrieb mit dem Nachfolger in Laage, dem Eurofighter, bis hin zum Austausch \u00fcber das Schicksal gemeinsamer Bekannter erstreckten sich die Themen, und der Gespr\u00e4chsstoff ging niemals aus. Wie bei solchen Anl\u00e4ssen \u00fcblich, verlagerte sich das Geschehen im Laufe des Abends an die Hotelbar, in der noch bis zum fr\u00fchen Morgen Erinnerungen aufgefrischt wurden \u2013 und zwar eine Stunde l\u00e4nger als in anderen N\u00e4chten, durch die an diesem Datum erfolgte Zeitumstellung. Auch die Damen wurden in st\u00e4ndiger angeregter Unterhaltung beobachtet, und einige ganz Mutige wagten sich sogar auf die kleine Tanzfl\u00e4che. Dass die letzten f\u00fcnf Aufrechten erst um halb sieben Uhr morgens (Winterzeit!) die Bar verlie\u00dfen, spricht eindeutig f\u00fcr den Erfolg der Veranstaltung \u2013 und das Durchhalteverm\u00f6gen der deutschen FULCRUM-Piloten.<\/p>\n<p style=\"text-align: right;\"><em><span style=\"font-size: 10pt;\">Stefan Petersen<\/span><\/em><\/p>\n<p><a href=\"http:\/\/www.fabulousfulcrums.de\/cms\/?page_id=1769\">Bilder f\u00fcr Staffelmitglieder<\/a><\/p>\n","protected":false},"excerpt":{"rendered":"<p>\u201eDas ist das erste Mal, dass ich mich bei meinen Leuten bedanken muss \u2013 sonst habe ich mich immer bei meinen Vorgesetzten bedankt, wenn ich eine neue F\u00fchrungsposition \u00fcbernommen habe\u201c, scherzte Generalleutnant a. D. J\u00fcrgen H\u00f6che nach der Wahl zum Staffelkapit\u00e4n der FULCRUM-Staffel. Der 63-j\u00e4hrige fr\u00fchere Befehlshaber des Luftwaffenf\u00fchrungskommandos \u00fcbernahm dieses Amt in der Traditionsgemeinschaft &hellip; <\/p>\n<p><a class=\"more-link btn\" href=\"http:\/\/www.fabulousfulcrums.de\/cms\/?page_id=1765\">Weiterlesen<\/a><\/p>\n","protected":false},"author":68,"featured_media":0,"parent":0,"menu_order":0,"comment_status":"closed","ping_status":"closed","template":"","meta":{"footnotes":""},"class_list":["post-1765","page","type-page","status-publish","hentry","nodate","item-wrap"],"_links":{"self":[{"href":"http:\/\/www.fabulousfulcrums.de\/cms\/index.php?rest_route=\/wp\/v2\/pages\/1765","targetHints":{"allow":["GET"]}}],"collection":[{"href":"http:\/\/www.fabulousfulcrums.de\/cms\/index.php?rest_route=\/wp\/v2\/pages"}],"about":[{"href":"http:\/\/www.fabulousfulcrums.de\/cms\/index.php?rest_route=\/wp\/v2\/types\/page"}],"author":[{"embeddable":true,"href":"http:\/\/www.fabulousfulcrums.de\/cms\/index.php?rest_route=\/wp\/v2\/users\/68"}],"replies":[{"embeddable":true,"href":"http:\/\/www.fabulousfulcrums.de\/cms\/index.php?rest_route=%2Fwp%2Fv2%2Fcomments&post=1765"}],"version-history":[{"count":36,"href":"http:\/\/www.fabulousfulcrums.de\/cms\/index.php?rest_route=\/wp\/v2\/pages\/1765\/revisions"}],"predecessor-version":[{"id":4652,"href":"http:\/\/www.fabulousfulcrums.de\/cms\/index.php?rest_route=\/wp\/v2\/pages\/1765\/revisions\/4652"}],"wp:attachment":[{"href":"http:\/\/www.fabulousfulcrums.de\/cms\/index.php?rest_route=%2Fwp%2Fv2%2Fmedia&parent=1765"}],"curies":[{"name":"wp","href":"https:\/\/api.w.org\/{rel}","templated":true}]}}