{"id":2112,"date":"2017-05-06T20:23:26","date_gmt":"2017-05-06T19:23:26","guid":{"rendered":"http:\/\/www.fabulousfulcrums.de\/cms\/?page_id=2112"},"modified":"2025-09-16T14:34:26","modified_gmt":"2025-09-16T13:34:26","slug":"2-reunion-2003-dierhagen","status":"publish","type":"page","link":"http:\/\/www.fabulousfulcrums.de\/cms\/?page_id=2112","title":{"rendered":"02.Reunion 2003 in Dierhagen"},"content":{"rendered":"<p>Schon der Freitag Abend, der Tag, an dem die meisten Staffelmitglieder anreisten, wurde ein voller Erfolg. Das ungezwungene Hereinschlendern einzelner, die man schon eine Weile nicht mehr gesehen hatte wurde gefeiert und man fand sich sodann in kleinen Gr\u00fcppchen im Hotel zum Essen und dem einen oder anderen Gl\u00e4schen zusammen. Es wurde sp\u00e4t.<\/p>\n<p style=\"text-align: center;\"><img loading=\"lazy\" decoding=\"async\" class=\"\" src=\"http:\/\/www.fabulousfulcrums.de\/cms\/wp-content\/uploads\/FS_2003-042.jpg\" width=\"401\" height=\"301\" \/><\/p>\n<p>Der Samstag stand zur freien Verf\u00fcgung und wurde meist zu einem Strandspatziergang und zur Erholung genutzt. Es hie\u00df, Kr\u00e4fte sammeln f\u00fcr den Abend&#8230;<\/p>\n<p>Punktlich um 18:29 Uhr hiess es &#8222;Sammeln&#8220; zur 2. Reunion der FULCRUM-Staffel.<\/p>\n<p>Immerhin 50 der 73 der MiG-29-Piloten der Bundeswehr hatten sich eingefunden um die noch junge Gemeinschaft zu beleben. Nach einem kurzen Stehempfang im Foyer des Hotel Fischland auf dem Dar\u00df lie\u00df der Staffelkapit\u00e4n Oberst a.D.\u00a0 Manfred Menge in den festlich gescm\u00fcckten Saale einr\u00fccken.<\/p>\n<p>Im folgenden kurzen offiziellen Teil der Veranstaltung wurde erstmals eine Computerunterst\u00fctzung mittles Powerpoint eingesetzt, eine echte Bereicherung! Vor allem der vom EStO Steiniger erstellte Filmbeitrag &#8222;MiGs 2003&#8220;, der das letzte Jahr der MiG-29 in Laage revue passieren lie\u00df, fand gro\u00dfen Anklang.<\/p>\n<p style=\"text-align: center;\"><a href=\"http:\/\/www.fabulousfulcrums.de\/cms\/wp-content\/uploads\/2003-1.wmv\" target=\"_blank\" rel=\"noopener\"><img loading=\"lazy\" decoding=\"async\" class=\"alignnone\" src=\"http:\/\/www.fabulousfulcrums.de\/cms\/wp-content\/uploads\/2025\/09\/mig2003.jpg\" alt=\"\" width=\"263\" height=\"180\" \/><\/a><\/p>\n<p>Zwei neue Mitglieder wurden vom StaKa in die Gemeinschaft aufgenommen und bekamen aus seiner Hand die silberne MiG-29 Anstecknadel, das Erkennungszeichen der Mitglieder und eine russische Poljot Uhr mit pers\u00f6nlicher Namensgravur. Anschliessend wurden Hptm H\u00f6nig und seine Frau\u00a0 in eine Auslandsverwendung in den USA verabschiedet.<\/p>\n<p>Nachdem Oberst Manfred Menge in seiner mitrei\u00dfenden Art den offiziellen Teil beendete wurde zum Sturm auf das warme Buffet geblasen! Ein Schmaus! Und zum zweiten Mal wurde es ein herrliches Treffen der MiG-Familie, das bis in die Morgenstunden dauerte und von dem wir noch lange erz\u00e4hlen werden.<\/p>\n<p>Es sollte das letzte Treffen unseres Staffelkapit\u00e4ns Oberst a.D. Manfred Menge sein, der leider in den folgenden Monaten schwer erkrankte und verstarb.<\/p>\n<p style=\"text-align: center;\"><img loading=\"lazy\" decoding=\"async\" class=\"\" src=\"http:\/\/www.fabulousfulcrums.de\/cms\/wp-content\/uploads\/FS_2003-131.jpg\" width=\"408\" height=\"306\" \/><\/p>\n<p><a href=\"http:\/\/www.fabulousfulcrums.de\/cms\/?page_id=4023\">Bilder f\u00fcr Staffelmitglieder<\/a><\/p>\n","protected":false},"excerpt":{"rendered":"<p>Schon der Freitag Abend, der Tag, an dem die meisten Staffelmitglieder anreisten, wurde ein voller Erfolg. Das ungezwungene Hereinschlendern einzelner, die man schon eine Weile nicht mehr gesehen hatte wurde gefeiert und man fand sich sodann in kleinen Gr\u00fcppchen im Hotel zum Essen und dem einen oder anderen Gl\u00e4schen zusammen. Es wurde sp\u00e4t. Der Samstag &hellip; <\/p>\n<p><a class=\"more-link btn\" href=\"http:\/\/www.fabulousfulcrums.de\/cms\/?page_id=2112\">Weiterlesen<\/a><\/p>\n","protected":false},"author":68,"featured_media":0,"parent":0,"menu_order":0,"comment_status":"closed","ping_status":"closed","template":"","meta":{"footnotes":""},"class_list":["post-2112","page","type-page","status-publish","hentry","nodate","item-wrap"],"_links":{"self":[{"href":"http:\/\/www.fabulousfulcrums.de\/cms\/index.php?rest_route=\/wp\/v2\/pages\/2112","targetHints":{"allow":["GET"]}}],"collection":[{"href":"http:\/\/www.fabulousfulcrums.de\/cms\/index.php?rest_route=\/wp\/v2\/pages"}],"about":[{"href":"http:\/\/www.fabulousfulcrums.de\/cms\/index.php?rest_route=\/wp\/v2\/types\/page"}],"author":[{"embeddable":true,"href":"http:\/\/www.fabulousfulcrums.de\/cms\/index.php?rest_route=\/wp\/v2\/users\/68"}],"replies":[{"embeddable":true,"href":"http:\/\/www.fabulousfulcrums.de\/cms\/index.php?rest_route=%2Fwp%2Fv2%2Fcomments&post=2112"}],"version-history":[{"count":16,"href":"http:\/\/www.fabulousfulcrums.de\/cms\/index.php?rest_route=\/wp\/v2\/pages\/2112\/revisions"}],"predecessor-version":[{"id":6154,"href":"http:\/\/www.fabulousfulcrums.de\/cms\/index.php?rest_route=\/wp\/v2\/pages\/2112\/revisions\/6154"}],"wp:attachment":[{"href":"http:\/\/www.fabulousfulcrums.de\/cms\/index.php?rest_route=%2Fwp%2Fv2%2Fmedia&parent=2112"}],"curies":[{"name":"wp","href":"https:\/\/api.w.org\/{rel}","templated":true}]}}